the prime factors of 18461?
18461
What are the prime factors of 806?
2, 13, 31
List the prime factors of 727.
727
What are the prime factors of 181?
181
List the prime factors of 41549.
41549
What are the prime factors of 149984?
2, 43, 109
What are the prime factors of 3544?
2, 443
List the prime factors of 990.
2, 3, 5, 11
What are the prime factors of 11148?
2, 3, 929
List the prime factors of 1144.
2, 11, 13
What are the prime factors of 3939?
3, 13, 101
List the prime factors of 10.
2, 5
What are the prime factors of 111431?
111431
What are the prime factors of 11452?
2, 7, 409
What are the prime factors of 2533?
17, 149
What are the prime factors of 21245?
5, 7, 607
What are the prime factors of 18903?
3, 6301
List the prime factors of 2296.
2, 7, 41
List the prime factors of 49922.
2, 109, 229
List the prime factors of 13699.
7, 19, 103
What are the prime factors of 37406?
2, 59, 317
List the prime factors of 686.
2, 7
What are the prime factors of 160487?
31, 167
What are the prime factors of 44433?
3, 4937
List the prime factors of 962.
2, 13, 37
What are the prime factors of 449?
449
List the prime factors of 2918.
2, 1459
List the prime factors of 106205.
5, 11, 1931
What are the prime factors of 8598?
2, 3, 1433
What are the prime factors of 3281?
17, 193
List the prime factors of 8652.
2, 3, 7, 103
What are the prime factors of 3091?
11, 281
List the prime factors of 163995.
3, 5, 13, 29
List the prime factors of 2036.
2, 509
What are the prime factors of 94823?
94823
What are the prime factors of 20234?
2, 67, 151
List the prime factors of 23559.
3, 7853
List the prime factors of 449.
449
List the prime factors of 109405.
5, 21881
What are the prime factors of 888?
2, 3, 37
List the prime factors of 816.
2, 3, 17
What are the prime factors of 29024?
2, 907
What are the prime factors of 815?
5, 163
List the prime factors of 337.
337
List the prime factors of 6513.
3, 13, 167
What are the prime factors of 110436?
2, 3, 9203
What are the prime factors of 3682?
2, 7, 263
What are the prime factors of 483?
3, 7, 23
List the prime factors of 22481.
22481
What are the prime factors of 5008?
2, 313
What are the prime factors of 1861?
1861
List the prime factors of 1103.
1103
What are the prime factors of 218?
2, 109
What are the prime factors of 93536?
2, 37, 79
List the prime factors of 36159.
3, 17, 709
What are the prime factors of 48186?
2, 3, 2677
List the prime factors of 39505.
5, 7901
What are the prime factors of 14620?
2, 5, 17, 43
List the prime factors of 5033.
7, 719
What are the prime factors of 8155?
5, 7, 233
What are the prime factors of 2132?
2, 13, 41
List the prime factors of 120704.
2, 23, 41
List the prime factors of 54474.
2, 3, 7, 1297
List the prime factors of 528.
2, 3, 11
List the prime factors of 718.
2, 359
What are the prime factors of 4210?
2, 5, 421
List the prime factors of 725.
5, 29
What are the prime factors of 3270?
2, 3, 5, 109
List the prime factors of 36721.
36721
What are the prime factors of 20843?
19, 1097
List the prime factors of 419.
419
What are the prime factors of 108981?
3, 12109
List the prime factors of 3355.
5, 11, 61
What are the prime factors of 3827?
43, 89
What are the prime factors of 59468?
2, 14867
What are the prime factors of 13417?
13417
List the prime factors of 1731.
3, 577
List the prime factors of 22833.
3, 43, 59
What are the prime factors of 94004?
2, 71, 331
What are the prime factors of 19270?
2, 5, 41, 47
List the prime factors of 4142.
2, 19, 109
List the prime factors of 80132.
2, 13, 23, 67
What are the prime factors of 24136?
2, 7, 431
What are the prime factors of 1476?
2, 3, 41
List the prime factors of 85276.
2, 21319
What are the prime factors of 18864?
2, 3, 131
What are the prime factors of 2977?
13, 229
List the prime factors of 1117.
1117
List the prime factors of 320.
2, 5
List the prime factors of 4382.
2, 7, 313
List the prime factors of 3131.
31, 101
List the prime factors of 67547.
67547
What are the prime factors of 8536?
2, 11, 97
List the prime factors of 12582.
2, 3, 233
List the prime factors of 21872.
2, 1367
What are the prime factors of 197?
197
What are the prime factors of 10253?
10253
List the prime factors of 10108.
2, 7, 19
List the prime factors of 72344.
2, 9043
What are the prime factors of 16017?
3, 19, 281
List the prime factors of 1468.
2, 367
List the prime factors of 1300.
2, 5, 13
List the prime factors of 254.
2, 127
What are the prime factors of 4593?
3, 1531
List the prime factors of 650.
2, 5, 13
List the prime factors of 414.
2, 3, 23
What are the prime factors of 8184?
2, 3, 11, 31
What are the prime factors of 3805?
5, 761
What are the prime factors of 839?
839
List the prime factors of 5428.
2, 23, 59
List the prime factors of 28023.
3, 9341
What are the prime factors of 2369?
23, 103
What are the prime factors of 829?
829
List the prime factors of 9533.
9533
What are the prime factors of 5352?
2, 3, 223
What are the prime factors of 11123?
7, 227
What are the prime factors of 769?
769
List the prime factors of 21450.
2, 3, 5, 11, 13
List the prime factors of 1178.
2, 19, 31
What are the prime factors of 827?
827
List the prime factors of 6564.
2, 3, 547
What are the prime factors of 202613?
202613
List the prime factors of 4397.
4397
List the prime factors of 147.
3, 7
List the prime factors of 1635.
3, 5, 109
What are the prime factors of 16217?
16217
List the prime factors of 13508.
2, 11, 307
List the prime factors of 10007.
10007
What are the prime factors of 901?
17, 53
List the prime factors of 62020.
2, 5, 7, 443
List the prime factors of 69025.
5, 11, 251
List the prime factors of 1090.
2, 5, 109
What are the prime factors of 23885?
5, 17, 281
List the prime factors of 4333.
7, 619
What are the prime factors of 61855?
5, 89, 139
List the prime factors of 24707.
31, 797
What are the prime factors of 2463?
3, 821
List the prime factors of 84529.
137, 617
List the prime factors of 10089.
3, 19, 59
What are the prime factors of 15018?
2, 3, 2503
List the prime factors of 16378.
2, 19, 431
What are the prime factors of 1244?
2, 311
What are the prime factors of 1414?
2, 7, 101
List the prime factors of 47387.
47387
List the prime factors of 150287.
150287
List the prime factors of 23890.
2, 5, 2389
List the prime factors of 94026.
2, 3, 15671
List the prime factors of 64331.
23, 2797
What are the prime factors of 1004?
2, 251
List the prime factors of 4455.
3, 5, 11
List the prime factors of 312.
2, 3, 13
List the prime factors of 14927.
11, 23, 59
What are the prime factors of 96094?
2, 23, 2089
List the prime factors of 4685.
5, 937
What are the prime factors of 89546?
2, 44773
List the prime factors of 3406.
2, 13, 131
List the prime factors of 8162.
2, 7, 11, 53
What are the prime factors of 4136?
2, 11, 47
What are the prime factors of 2770?
2, 5, 277
List the prime factors of 4329.
3, 13, 37
List the prime factors of 2028.
2, 3, 13
What are the prime factors of 121?
11
List the prime factors of 53040.
2, 3, 5, 13, 17
What are the prime factors of 602?
2, 7, 43
What are the prime factors of 101?
101
List the prime factors of 11903.
11903
List the prime factors of 480.
2, 3, 5
What are the prime factors of 30155?
5, 37, 163
List the prime factors of 2912.
2, 7, 13
List the prime factors of 16283.
19, 857
List the prime factors of 701.
701
What are the prime factors of 43592?
2, 5449
List the prime factors of 824.
2, 103
What are the prime factors of 1471?
1471
What are the prime factors of 36?
2, 3
List the prime factors of 4143.
3, 1381
List the prime factors of 92276.
2, 17, 23, 59
What are the prime factors of 168083?
168083
List the prime factors of 1352.
2, 13
What are the prime factors of 54701?
19, 2879
List the prime factors of 533.
13, 41
List the prime factors of 580.
2, 5, 29
What are the prime factors of 8663?
8663
What are the prime factors of 2305?
5, 461
What are the prime factors of 331?
331
List the prime factors of 16025.
5, 641
What are the prime factors of 34041?
3, 7, 1621
What are the prime factors of 13338?
2, 3, 13, 19
List the prime factors of 378.
2, 3, 7
What are the prime factors of 1404?
2, 3, 13
List the prime factors of 7421.
41, 181
What are the prime factors of 73271?
11, 666